t of 69183016?
6
What is the hundreds digit of 21427727?
7
What is the tens digit of 4695384005?
0
What is the thousands digit of 391257955?
7
What is the units digit of 1630391339?
9
What is the ten millions digit of 10491959?
1
What is the units digit of 110997145?
5
What is the ten thousands digit of 85171779?
7
What is the tens digit of 8994846?
4
What is the hundred millions digit of 188631923?
1
What is the millions digit of 130118625?
0
What is the hundreds digit of 518943131?
1
What is the ten thousands digit of 547108133?
0
What is the millions digit of 30269463?
0
What is the ten millions digit of 3166522197?
6
What is the units digit of 100746844?
4
What is the billions digit of 1829863288?
1
What is the hundreds digit of 1984282138?
1
What is the ten millions digit of 36403721?
3
What is the units digit of 387779274?
4
What is the millions digit of 228404790?
8
What is the hundreds digit of 2399977478?
4
What is the hundred thousands digit of 249238917?
2
What is the hundred millions digit of 120326620?
1
What is the ten thousands digit of 299676663?
7
What is the hundred thousands digit of 150142374?
1
What is the millions digit of 1987165360?
7
What is the tens digit of 76717538?
3
What is the ten millions digit of 218579211?
1
What is the ten millions digit of 2659543758?
5
What is the hundred thousands digit of 61622110?
6
What is the thousands digit of 69656003?
6
What is the hundred millions digit of 2912449659?
9
What is the millions digit of 42111474?
2
What is the units digit of 174826494?
4
What is the ten thousands digit of 61857550?
5
What is the hundreds digit of 52997837?
8
What is the thousands digit of 325032238?
2
What is the thousands digit of 22228399?
8
What is the tens digit of 336545476?
7
What is the ten millions digit of 124208420?
2
What is the ten millions digit of 1572634725?
7
What is the tens digit of 303252084?
8
What is the hundreds digit of 455287519?
5
What is the millions digit of 2227491?
2
What is the hundred thousands digit of 463504351?
5
What is the tens digit of 9629225?
2
What is the units digit of 29764488?
8
What is the hundreds digit of 1556733231?
2
What is the hundreds digit of 12449947?
9
What is the hundred thousands digit of 4195262830?
2
What is the ten thousands digit of 80674832?
7
What is the tens digit of 9117634?
3
What is the ten millions digit of 162474052?
6
What is the units digit of 119443499?
9
What is the hundred millions digit of 393888542?
3
What is the ten thousands digit of 953064799?
6
What is the hundred thousands digit of 160926395?
9
What is the millions digit of 7783960873?
3
What is the units digit of 3123184468?
8
What is the ten thousands digit of 12873637?
7
What is the millions digit of 637022257?
7
What is the tens digit of 29543362?
6
What is the tens digit of 200115556?
5
What is the thousands digit of 1816537925?
7
What is the millions digit of 860914839?
0
What is the hundreds digit of 2795314866?
8
What is the thousands digit of 54570234?
0
What is the hundreds digit of 301559378?
3
What is the ten thousands digit of 53586079?
8
What is the millions digit of 233617035?
3
What is the hundreds digit of 141986448?
4
What is the units digit of 404320355?
5
What is the thousands digit of 342827722?
7
What is the units digit of 45036626?
6
What is the tens digit of 181755278?
7
What is the units digit of 767820200?
0
What is the tens digit of 211259504?
0
What is the thousands digit of 1672794699?
4
What is the ten millions digit of 499344447?
9
What is the hundreds digit of 20979737?
7
What is the ten thousands digit of 536579400?
7
What is the tens digit of 61068640?
4
What is the hundred thousands digit of 3544295?
5
What is the tens digit of 71486948?
4
What is the tens digit of 23799412?
1
What is the hundred thousands digit of 112513855?
5
What is the thousands digit of 12261404?
1
What is the thousands digit of 2370032255?
2
What is the units digit of 4706706654?
4
What is the thousands digit of 362088441?
8
What is the units digit of 6306503?
3
What is the hundreds digit of 5515571?
5
What is the ten thousands digit of 68956940?
5
What is the hundred millions digit of 1041978741?
0
What is the hundreds digit of 823798005?
0
What is the thousands digit of 89577650?
7
What is the millions digit of 59281794?
9
What is the hundred thousands digit of 17181571?
1
What is the tens digit of 286704959?
5
What is the hundred thousands digit of 177320850?
3
What is the billions digit of 2330761665?
2
What is the hundreds digit of 5942171240?
2
What is the ten millions digit of 4586739905?
8
What is the hundreds digit of 3154532662?
6
What is the tens digit of 150004463?
6
What is the tens digit of 50869378?
7
What is the tens digit of 2643004494?
9
What is the hundred thousands digit of 83204038?
2
What is the millions digit of 26457437?
6
What is the ten millions digit of 57384680?
5
What is the hundreds digit of 64171060?
0
What is the ten thousands digit of 1001902829?
0
What is the hundred thousands digit of 7522671956?
6
What is the hundreds digit of 57679323?
3
What is the units digit of 287283941?
1
What is the units digit of 322293937?
7
What is the tens digit of 187844846?
4
What is the hundred thousands digit of 21656321?
6
What is the millions digit of 1278177150?
8
What is the millions digit of 356060347?
6
What is the tens digit of 238312059?
5
What is the units digit of 114493133?
3
What is the units digit of 298688557?
7
What is the hundred thousands digit of 172019400?
0
What is the hundred thousands digit of 59607184?
6
What is the hundreds digit of 617881317?
3
What is the thousands digit of 3405140843?
0
What is the tens digit of 47420057?
5
What is the units digit of 159951210?
0
What is the millions digit of 5713246?
5
What is the tens digit of 9394639?
3
What is the ten millions digit of 45156198?
4
What is the millions digit of 20435899?
0
What is the thousands digit of 882859276?
9
What is the tens digit of 1651070360?
6
What is the billions digit of 1690652855?
1
What is the hundreds digit of 15669747?
7
What is the units digit of 56039440?
0
What is the millions digit of 1943918300?
3
What is the hundreds digit of 517550707?
7
What is the units digit of 622753163?
3
What is the hundreds digit of 123010139?
1
What is the millions digit of 838811657?
8
What is the ten millions digit of 87007399?
8
What is the ten thousands digit of 33889222?
8
What is the units digit of 658477413?
3
What is the millions digit of 117260869?
7
What is the units digit of 3432041?
1
What is the hundred millions digit of 1454379188?
4
What is the hundred thousands digit of 184363715?
3
What is the millions digit of 117663766?
7
What is the hundred thousands digit of 8462555?
4
What is the billions digit of 2915631430?
2
What is the units digit of 44203646?
6
What is the thousands digit of 258874719?
4
What is the units digit of 1082979295?
5
What is the ten thousands digit of 5150392831?
9
What is the thousands digit of 1446449167?
9
What is the hundred thousands digit of 389795878?
7
What is the hundred thousands digit of 107128546?
1
What is the hundred thousands digit of 43486186?
4
What is the hundred millions digit of 189527660?
1
What is the tens digit of 36885434?
3
What is the ten thousands digit of 1390756734?
5
What is the ten millions digit of 27070461?
2
What is the hundred millions digit of 245707323?
2
What is the units digit of 7378508?
8
What is the ten thousands digit of 1020780667?
8
What is the ten thousands digit of 24477917?
7
What is the units digit of 2591840801?
1
What is the thousands digit of 1323470529?
0
What is the millions digit of 677288683?
7
What is the millions digit of 2164485889?
4
What is the hundred thousands digit of 97641716?
6
What is the ten millions digit of 47794494?
4
What is the tens digit of 1788946327?
2
What is the millions digit of 12593002?
2
What is the tens digit of 190600721?
2
What is the tens digit of 381541822?
2
What is the thousands digit of 2631369483?
9
What is the thousands digit of 137454569?
4
What is the hundred thousands digit of 266235678?
2
What is the units digit of 34162702?
2
What is the ten thousands digit of 220833563?
3
What is the hundreds digit of 610954271?
2
What is the ten th